{"id":16,"date":"2019-06-11T15:28:06","date_gmt":"2019-06-11T13:28:06","guid":{"rendered":"http:\/\/goazrt.eu\/wp_hu\/?page_id=16"},"modified":"2022-04-27T20:22:33","modified_gmt":"2022-04-27T18:22:33","slug":"cegadatok","status":"publish","type":"page","link":"https:\/\/goazrt.eu\/wordpress\/cegadatok\/","title":{"rendered":"C\u00e9gadatok"},"content":{"rendered":"<ul>\n<li><strong>C\u00e9g n\u00e9v:<\/strong>\u00a0Global Operation Agency Kft.\n<\/li>\n<li><strong>C\u00e9gjegyz\u00e9ksz\u00e1m:<\/strong>\u00a005-09-011418\n<\/li>\n<li><strong>Sz\u00e9khely:<\/strong>\u00a03525 Miskolc, Zsolcai kapu 34.\n<\/li>\n<li><strong>E-mail c\u00edm:<\/strong> goazrt@gmail.com\n<\/li>\n<li><strong>K\u00e9pviseletre jogosult:<\/strong>\u00a0Szab\u00f3 Enik\u0151 \u2013 \u00fcgyvezet\u0151\n<\/li>\n<li><strong>Statisztikai sz\u00e1mjele:\u00a0<\/strong>13301552-3811-113-05\n<\/li>\n<li><strong>Ad\u00f3sz\u00e1m:<\/strong>\u00a013301552-2-05\n<\/li>\n<li><strong>K\u00f6z\u00f6ss\u00e9gi ad\u00f3sz\u00e1m<\/strong>:\u00a0HU13301552\n<\/li>\n<li><strong>A c\u00e9g p\u00e9nzforgalmi jelz\u0151sz\u00e1ma:<\/strong>\u00a010101085-39933700-01005002<\/li>\n<\/ul>\n","protected":false},"excerpt":{"rendered":"<p>C\u00e9g n\u00e9v:\u00a0Global Operation Agency Kft. C\u00e9gjegyz\u00e9ksz\u00e1m:\u00a005-09-011418 Sz\u00e9khely:\u00a03525 Miskolc, Zsolcai kapu 34. E-mail c\u00edm: goazrt@gmail.com K\u00e9pviseletre jogosult:\u00a0Szab\u00f3 Enik\u0151 \u2013 \u00fcgyvezet\u0151 Statisztikai sz\u00e1mjele:\u00a013301552-3811-113-05 Ad\u00f3sz\u00e1m:\u00a013301552-2-05 K\u00f6z\u00f6ss\u00e9gi ad\u00f3sz\u00e1m:\u00a0HU13301552 A c\u00e9g p\u00e9nzforgalmi jelz\u0151sz\u00e1ma:\u00a010101085-39933700-01005002<\/p>\n","protected":false},"author":1,"featured_media":0,"parent":0,"menu_order":2,"comment_status":"closed","ping_status":"closed","template":"","meta":[],"_links":{"self":[{"href":"https:\/\/goazrt.eu\/wordpress\/wp-json\/wp\/v2\/pages\/16"}],"collection":[{"href":"https:\/\/goazrt.eu\/wordpress\/wp-json\/wp\/v2\/pages"}],"about":[{"href":"https:\/\/goazrt.eu\/wordpress\/wp-json\/wp\/v2\/types\/page"}],"author":[{"embeddable":true,"href":"https:\/\/goazrt.eu\/wordpress\/wp-json\/wp\/v2\/users\/1"}],"replies":[{"embeddable":true,"href":"https:\/\/goazrt.eu\/wordpress\/wp-json\/wp\/v2\/comments?post=16"}],"version-history":[{"count":3,"href":"https:\/\/goazrt.eu\/wordpress\/wp-json\/wp\/v2\/pages\/16\/revisions"}],"predecessor-version":[{"id":148,"href":"https:\/\/goazrt.eu\/wordpress\/wp-json\/wp\/v2\/pages\/16\/revisions\/148"}],"wp:attachment":[{"href":"https:\/\/goazrt.eu\/wordpress\/wp-json\/wp\/v2\/media?parent=16"}],"curies":[{"name":"wp","href":"https:\/\/api.w.org\/{rel}","templated":true}]}}